{"id":466,"date":"2024-04-16T17:21:03","date_gmt":"2024-04-16T15:21:03","guid":{"rendered":"https:\/\/adriantellotrainer.com\/?page_id=466"},"modified":"2024-05-09T18:29:58","modified_gmt":"2024-05-09T16:29:58","slug":"entrenamiento-personal-online","status":"publish","type":"page","link":"https:\/\/adriantellotrainer.com\/index.php\/entrenamiento-personal-online\/","title":{"rendered":"Entrenamiento Online"},"content":{"rendered":"\t\t<div data-elementor-type=\"wp-page\" data-elementor-id=\"466\" class=\"elementor elementor-466\" data-elementor-post-type=\"page\">\n\t\t\t\t<div class=\"elementor-element elementor-element-6c78c8b e-flex e-con-boxed e-con e-parent\" data-id=\"6c78c8b\" data-element_type=\"container\">\n\t\t\t\t\t<div class=\"e-con-inner\">\n\t\t<div class=\"elementor-element elementor-element-c66d1ea e-con-full e-flex e-con e-child\" data-id=\"c66d1ea\" data-element_type=\"container\">\n\t\t\t\t<div class=\"elementor-element elementor-element-cd17383 elementor-widget elementor-widget-heading\" data-id=\"cd17383\" data-element_type=\"widget\" data-widget_type=\"heading.default\">\n\t\t\t\t<div class=\"elementor-widget-container\">\n\t\t\t\t\t<h2 class=\"elementor-heading-title elementor-size-default\">Entrenamiento Personal Online<\/h2>\t\t\t\t<\/div>\n\t\t\t\t<\/div>\n\t\t\t\t<div class=\"elementor-element elementor-element-1049df9 elementor-widget elementor-widget-text-editor\" data-id=\"1049df9\" data-element_type=\"widget\" data-widget_type=\"text-editor.default\">\n\t\t\t\t<div class=\"elementor-widget-container\">\n\t\t\t\t\t\t\t\t\t<p>El entrenamiento personal online es una opci\u00f3n cada vez m\u00e1s popular para aquellos que buscan mejorar su condici\u00f3n f\u00edsica y alcanzar sus objetivos de forma eficiente. A trav\u00e9s de nuestra app, los usuarios pueden acceder a programas de entrenamiento personalizados, asesoramiento nutricional, consejos de mindset y contenido educativo para maximizar sus resultados.<br \/>No solo consiste en hacer, sino en aprender lo que est\u00e1s haciendo y por qu\u00e9, para poder mantenerlo en el tiempo.<br \/><br \/>El entrenamiento personal online a trav\u00e9s de nuestra app es una opci\u00f3n conveniente y eficaz para aquellos que buscan mejorar su condici\u00f3n f\u00edsica y alcanzar sus objetivos de forma personalizada y profesional. Con acceso a entrenamiento, nutrici\u00f3n, mindset y contenido educativo, los usuarios pueden esperar resultados garantizados y una experiencia 360 de calidad desde la comodidad de su hogar.<\/p>\t\t\t\t\t\t\t\t<\/div>\n\t\t\t\t<\/div>\n\t\t\t\t<div class=\"elementor-element elementor-element-1edcb78 elementor-align-justify elementor-widget__width-initial elementor-invisible elementor-widget elementor-widget-button\" data-id=\"1edcb78\" data-element_type=\"widget\" data-settings=\"{&quot;_animation&quot;:&quot;fadeIn&quot;,&quot;_animation_delay&quot;:450}\" data-widget_type=\"button.default\">\n\t\t\t\t<div class=\"elementor-widget-container\">\n\t\t\t\t\t\t\t\t\t<div class=\"elementor-button-wrapper\">\n\t\t\t\t\t<a class=\"elementor-button elementor-button-link elementor-size-sm\" href=\"https:\/\/adriantellotrainer.com\/index.php\/contact\/\">\n\t\t\t\t\t\t<span class=\"elementor-button-content-wrapper\">\n\t\t\t\t\t\t\t\t\t<span class=\"elementor-button-text\">Contacta conmigo<\/span>\n\t\t\t\t\t<\/span>\n\t\t\t\t\t<\/a>\n\t\t\t\t<\/div>\n\t\t\t\t\t\t\t\t<\/div>\n\t\t\t\t<\/div>\n\t\t\t\t<\/div>\n\t\t<div class=\"elementor-element elementor-element-b9cf1f6 e-con-full e-flex e-con e-child\" data-id=\"b9cf1f6\" data-element_type=\"container\">\n\t\t\t\t<div class=\"elementor-element elementor-element-6ee8459 elementor-widget elementor-widget-image\" data-id=\"6ee8459\" data-element_type=\"widget\" data-widget_type=\"image.default\">\n\t\t\t\t<div class=\"elementor-widget-container\">\n\t\t\t\t\t\t\t\t\t\t\t\t\t\t\t<img fetchpriority=\"high\" decoding=\"async\" width=\"800\" height=\"800\" src=\"https:\/\/adriantellotrainer.com\/wp-content\/uploads\/2024\/04\/carlos-casado-coach-entrenamiento-personal-online-imagen-comienzo-1024x1024.jpg\" class=\"attachment-large size-large wp-image-475\" alt=\"Adri\u00e1n Tello Trainer , entrenamiento online\" srcset=\"https:\/\/adriantellotrainer.com\/wp-content\/uploads\/2024\/04\/carlos-casado-coach-entrenamiento-personal-online-imagen-comienzo-1024x1024.jpg 1024w, https:\/\/adriantellotrainer.com\/wp-content\/uploads\/2024\/04\/carlos-casado-coach-entrenamiento-personal-online-imagen-comienzo-300x300.jpg 300w, https:\/\/adriantellotrainer.com\/wp-content\/uploads\/2024\/04\/carlos-casado-coach-entrenamiento-personal-online-imagen-comienzo-150x150.jpg 150w, https:\/\/adriantellotrainer.com\/wp-content\/uploads\/2024\/04\/carlos-casado-coach-entrenamiento-personal-online-imagen-comienzo-768x768.jpg 768w, https:\/\/adriantellotrainer.com\/wp-content\/uploads\/2024\/04\/carlos-casado-coach-entrenamiento-personal-online-imagen-comienzo.jpg 1080w\" sizes=\"(max-width: 800px) 100vw, 800px\" \/>\t\t\t\t\t\t\t\t\t\t\t\t\t\t\t<\/div>\n\t\t\t\t<\/div>\n\t\t\t\t<\/div>\n\t\t\t\t\t<\/div>\n\t\t\t\t<\/div>\n\t\t<div class=\"elementor-element elementor-element-4467569 e-flex e-con-boxed e-con e-parent\" data-id=\"4467569\" data-element_type=\"container\">\n\t\t\t\t\t<div class=\"e-con-inner\">\n\t\t\t\t<div class=\"elementor-element elementor-element-32bf48c elementor-widget elementor-widget-heading\" data-id=\"32bf48c\" data-element_type=\"widget\" data-widget_type=\"heading.default\">\n\t\t\t\t<div class=\"elementor-widget-container\">\n\t\t\t\t\t<h2 class=\"elementor-heading-title elementor-size-default\">Un intento m\u00e1s es lo que marca la diferencia<\/h2>\t\t\t\t<\/div>\n\t\t\t\t<\/div>\n\t\t\t\t<div class=\"elementor-element elementor-element-5c38225 elementor-widget elementor-widget-text-editor\" data-id=\"5c38225\" data-element_type=\"widget\" data-widget_type=\"text-editor.default\">\n\t\t\t\t<div class=\"elementor-widget-container\">\n\t\t\t\t\t\t\t\t\t<p>ADRIAN TELLO<\/p>\t\t\t\t\t\t\t\t<\/div>\n\t\t\t\t<\/div>\n\t\t\t\t\t<\/div>\n\t\t\t\t<\/div>\n\t\t<div class=\"elementor-element elementor-element-ae00f93 e-flex e-con-boxed e-con e-parent\" data-id=\"ae00f93\" data-element_type=\"container\" data-settings=\"{&quot;background_background&quot;:&quot;classic&quot;}\">\n\t\t\t\t\t<div class=\"e-con-inner\">\n\t\t<div class=\"elementor-element elementor-element-f7e5a44 e-con-full e-flex e-con e-child\" data-id=\"f7e5a44\" data-element_type=\"container\">\n\t\t\t\t<div class=\"elementor-element elementor-element-fadea94 elementor-widget elementor-widget-image\" data-id=\"fadea94\" data-element_type=\"widget\" data-widget_type=\"image.default\">\n\t\t\t\t<div class=\"elementor-widget-container\">\n\t\t\t\t\t\t\t\t\t\t\t\t\t\t\t<img decoding=\"async\" width=\"800\" height=\"532\" src=\"https:\/\/adriantellotrainer.com\/wp-content\/uploads\/2024\/04\/Trainner-1024x681.jpg\" class=\"attachment-large size-large wp-image-486\" alt=\"Adrian Tello Trainer, entrenamiento personal online\" srcset=\"https:\/\/adriantellotrainer.com\/wp-content\/uploads\/2024\/04\/Trainner-1024x681.jpg 1024w, https:\/\/adriantellotrainer.com\/wp-content\/uploads\/2024\/04\/Trainner-300x200.jpg 300w, https:\/\/adriantellotrainer.com\/wp-content\/uploads\/2024\/04\/Trainner-768x511.jpg 768w, https:\/\/adriantellotrainer.com\/wp-content\/uploads\/2024\/04\/Trainner-1536x1022.jpg 1536w, https:\/\/adriantellotrainer.com\/wp-content\/uploads\/2024\/04\/Trainner-2048x1363.jpg 2048w\" sizes=\"(max-width: 800px) 100vw, 800px\" \/>\t\t\t\t\t\t\t\t\t\t\t\t\t\t\t<\/div>\n\t\t\t\t<\/div>\n\t\t\t\t<\/div>\n\t\t<div class=\"elementor-element elementor-element-d39da3b e-con-full e-flex e-con e-child\" data-id=\"d39da3b\" data-element_type=\"container\">\n\t\t\t\t<div class=\"elementor-element elementor-element-9fdcc16 elementor-widget elementor-widget-heading\" data-id=\"9fdcc16\" data-element_type=\"widget\" data-widget_type=\"heading.default\">\n\t\t\t\t<div class=\"elementor-widget-container\">\n\t\t\t\t\t<h2 class=\"elementor-heading-title elementor-size-default\">Entrenamiento a tu alcance<\/h2>\t\t\t\t<\/div>\n\t\t\t\t<\/div>\n\t\t\t\t<div class=\"elementor-element elementor-element-5c431e2 elementor-widget elementor-widget-text-editor\" data-id=\"5c431e2\" data-element_type=\"widget\" data-widget_type=\"text-editor.default\">\n\t\t\t\t<div class=\"elementor-widget-container\">\n\t\t\t\t\t\t\t\t\t<div>Con el entrenamiento personal online, los usuarios pueden disfrutar de la comodidad de realizar sus sesiones de entrenamiento en cualquier momento y lugar, adapt\u00e1ndolas a su horario y ritmo de vida. Adem\u00e1s, al contar con un programa personalizado, se aseguran de que tanto el plan de entrenamiento como el de nutrici\u00f3n est\u00e1n dise\u00f1ados espec\u00edficamente para sus necesidades y objetivos. Podr\u00e1s entrenar en casa o en el gimnasio, t\u00fa decides.<\/div>\t\t\t\t\t\t\t\t<\/div>\n\t\t\t\t<\/div>\n\t\t\t\t<\/div>\n\t\t\t\t\t<\/div>\n\t\t\t\t<\/div>\n\t\t<div class=\"elementor-element elementor-element-6f1b273 e-flex e-con-boxed e-con e-parent\" data-id=\"6f1b273\" data-element_type=\"container\">\n\t\t\t\t\t<div class=\"e-con-inner\">\n\t\t\t\t<div class=\"elementor-element elementor-element-4e5e09f elementor-widget elementor-widget-heading\" data-id=\"4e5e09f\" data-element_type=\"widget\" data-widget_type=\"heading.default\">\n\t\t\t\t<div class=\"elementor-widget-container\">\n\t\t\t\t\t<h2 class=\"elementor-heading-title elementor-size-default\">La disciplina es la puerta de entrada a la libertad<\/h2>\t\t\t\t<\/div>\n\t\t\t\t<\/div>\n\t\t\t\t<div class=\"elementor-element elementor-element-da8a49f elementor-widget elementor-widget-text-editor\" data-id=\"da8a49f\" data-element_type=\"widget\" data-widget_type=\"text-editor.default\">\n\t\t\t\t<div class=\"elementor-widget-container\">\n\t\t\t\t\t\t\t\t\t<p>ADRIAN TELLO<\/p>\t\t\t\t\t\t\t\t<\/div>\n\t\t\t\t<\/div>\n\t\t\t\t\t<\/div>\n\t\t\t\t<\/div>\n\t\t<div class=\"elementor-element elementor-element-465822c e-flex e-con-boxed e-con e-parent\" data-id=\"465822c\" data-element_type=\"container\">\n\t\t\t\t\t<div class=\"e-con-inner\">\n\t\t<div class=\"elementor-element elementor-element-389a6d1 e-con-full e-flex e-con e-child\" data-id=\"389a6d1\" data-element_type=\"container\">\n\t\t\t\t<div class=\"elementor-element elementor-element-10b2e2d elementor-widget elementor-widget-heading\" data-id=\"10b2e2d\" data-element_type=\"widget\" data-widget_type=\"heading.default\">\n\t\t\t\t<div class=\"elementor-widget-container\">\n\t\t\t\t\t<h2 class=\"elementor-heading-title elementor-size-default\">Asesoramiento nutricional y mindset<\/h2>\t\t\t\t<\/div>\n\t\t\t\t<\/div>\n\t\t\t\t<div class=\"elementor-element elementor-element-749bfeb elementor-widget elementor-widget-text-editor\" data-id=\"749bfeb\" data-element_type=\"widget\" data-widget_type=\"text-editor.default\">\n\t\t\t\t<div class=\"elementor-widget-container\">\n\t\t\t\t\t\t\t\t\t<p>La app ofrece tambi\u00e9n asesoramiento nutricional para complementar el entrenamiento f\u00edsico, ayudando a los usuarios a mantener una alimentaci\u00f3n equilibrada y adecuada para sus metas. Adem\u00e1s, el contenido educativo sobre mindset les ayuda a mantener la motivaci\u00f3n y la mentalidad adecuada para alcanzar sus objetivos a largo plazo.<br \/>La app ofrece seguimiento y feedback constante para asegurar que los usuarios est\u00e9n progresando adecuadamente y ajustar el programa seg\u00fan sea necesario.<\/p>\t\t\t\t\t\t\t\t<\/div>\n\t\t\t\t<\/div>\n\t\t\t\t<\/div>\n\t\t<div class=\"elementor-element elementor-element-b99bfdb e-con-full e-flex e-con e-child\" data-id=\"b99bfdb\" data-element_type=\"container\">\n\t\t\t\t<div class=\"elementor-element elementor-element-11b4c7b elementor-widget elementor-widget-image\" data-id=\"11b4c7b\" data-element_type=\"widget\" data-widget_type=\"image.default\">\n\t\t\t\t<div class=\"elementor-widget-container\">\n\t\t\t\t\t\t\t\t\t\t\t\t\t\t\t<img decoding=\"async\" width=\"800\" height=\"534\" src=\"https:\/\/adriantellotrainer.com\/wp-content\/uploads\/2024\/04\/Ensalada-Fitness-1024x683.jpg\" class=\"attachment-large size-large wp-image-482\" alt=\"Adri\u00e1n Tello Trainer nutricional\" srcset=\"https:\/\/adriantellotrainer.com\/wp-content\/uploads\/2024\/04\/Ensalada-Fitness-1024x683.jpg 1024w, https:\/\/adriantellotrainer.com\/wp-content\/uploads\/2024\/04\/Ensalada-Fitness-300x200.jpg 300w, https:\/\/adriantellotrainer.com\/wp-content\/uploads\/2024\/04\/Ensalada-Fitness-768x512.jpg 768w, https:\/\/adriantellotrainer.com\/wp-content\/uploads\/2024\/04\/Ensalada-Fitness-1536x1024.jpg 1536w, https:\/\/adriantellotrainer.com\/wp-content\/uploads\/2024\/04\/Ensalada-Fitness.jpg 1920w\" sizes=\"(max-width: 800px) 100vw, 800px\" \/>\t\t\t\t\t\t\t\t\t\t\t\t\t\t\t<\/div>\n\t\t\t\t<\/div>\n\t\t\t\t<\/div>\n\t\t\t\t\t<\/div>\n\t\t\t\t<\/div>\n\t\t\t\t<\/div>\n\t\t","protected":false},"excerpt":{"rendered":"<p>Entrenamiento Personal Online El entrenamiento personal online es una opci\u00f3n cada vez m\u00e1s popular para aquellos que buscan mejorar su condici\u00f3n f\u00edsica y alcanzar sus objetivos de forma eficiente. A trav\u00e9s de nuestra app, los usuarios pueden acceder a programas de entrenamiento personalizados, asesoramiento nutricional, consejos de mindset y contenido educativo para maximizar sus resultados.No [&hellip;]<\/p>\n","protected":false},"author":1,"featured_media":467,"parent":0,"menu_order":0,"comment_status":"closed","ping_status":"closed","template":"","meta":{"_joinchat":[],"footnotes":""},"class_list":["post-466","page","type-page","status-publish","has-post-thumbnail","hentry"],"yoast_head":"<!-- This site is optimized with the Yoast SEO plugin v26.4 - https:\/\/yoast.com\/wordpress\/plugins\/seo\/ -->\n<title>Entrenamiento Online &#8211; Adrian Tello Trainer<\/title>\n<meta name=\"description\" content=\"Convi\u00e9rtete en tu versi\u00f3n m\u00e1s en forma, m\u00e1s fuerte, y m\u00e1s sana desde cualquier lugar del mundo, con nuestro entrenamiento personal online\" \/>\n<meta name=\"robots\" content=\"index, follow, max-snippet:-1, max-image-preview:large, max-video-preview:-1\" \/>\n<link rel=\"canonical\" href=\"https:\/\/adriantellotrainer.com\/index.php\/entrenamiento-personal-online\/\" \/>\n<meta property=\"og:locale\" content=\"es_ES\" \/>\n<meta property=\"og:type\" content=\"article\" \/>\n<meta property=\"og:title\" content=\"Entrenamiento Online &#8211; Adrian Tello Trainer\" \/>\n<meta property=\"og:description\" content=\"Convi\u00e9rtete en tu versi\u00f3n m\u00e1s en forma, m\u00e1s fuerte, y m\u00e1s sana desde cualquier lugar del mundo, con nuestro entrenamiento personal online\" \/>\n<meta property=\"og:url\" content=\"https:\/\/adriantellotrainer.com\/index.php\/entrenamiento-personal-online\/\" \/>\n<meta property=\"og:site_name\" content=\"Adrian Tello Trainer\" \/>\n<meta property=\"article:publisher\" content=\"https:\/\/www.facebook.com\/profile.php?id=61550716225451\" \/>\n<meta property=\"article:modified_time\" content=\"2024-05-09T16:29:58+00:00\" \/>\n<meta property=\"og:image\" content=\"https:\/\/adriantellotrainer.com\/wp-content\/uploads\/2024\/04\/Entrenamiento-online-ZGZ.jpeg\" \/>\n\t<meta property=\"og:image:width\" content=\"744\" \/>\n\t<meta property=\"og:image:height\" content=\"403\" \/>\n\t<meta property=\"og:image:type\" content=\"image\/jpeg\" \/>\n<meta name=\"twitter:card\" content=\"summary_large_image\" \/>\n<script type=\"application\/ld+json\" class=\"yoast-schema-graph\">{\"@context\":\"https:\/\/schema.org\",\"@graph\":[{\"@type\":\"WebPage\",\"@id\":\"https:\/\/adriantellotrainer.com\/index.php\/entrenamiento-personal-online\/\",\"url\":\"https:\/\/adriantellotrainer.com\/index.php\/entrenamiento-personal-online\/\",\"name\":\"Entrenamiento Online &#8211; Adrian Tello Trainer\",\"isPartOf\":{\"@id\":\"https:\/\/adriantellotrainer.com\/#website\"},\"primaryImageOfPage\":{\"@id\":\"https:\/\/adriantellotrainer.com\/index.php\/entrenamiento-personal-online\/#primaryimage\"},\"image\":{\"@id\":\"https:\/\/adriantellotrainer.com\/index.php\/entrenamiento-personal-online\/#primaryimage\"},\"thumbnailUrl\":\"https:\/\/adriantellotrainer.com\/wp-content\/uploads\/2024\/04\/Entrenamiento-online-ZGZ.jpeg\",\"datePublished\":\"2024-04-16T15:21:03+00:00\",\"dateModified\":\"2024-05-09T16:29:58+00:00\",\"description\":\"Convi\u00e9rtete en tu versi\u00f3n m\u00e1s en forma, m\u00e1s fuerte, y m\u00e1s sana desde cualquier lugar del mundo, con nuestro entrenamiento personal online\",\"breadcrumb\":{\"@id\":\"https:\/\/adriantellotrainer.com\/index.php\/entrenamiento-personal-online\/#breadcrumb\"},\"inLanguage\":\"es\",\"potentialAction\":[{\"@type\":\"ReadAction\",\"target\":[\"https:\/\/adriantellotrainer.com\/index.php\/entrenamiento-personal-online\/\"]}]},{\"@type\":\"ImageObject\",\"inLanguage\":\"es\",\"@id\":\"https:\/\/adriantellotrainer.com\/index.php\/entrenamiento-personal-online\/#primaryimage\",\"url\":\"https:\/\/adriantellotrainer.com\/wp-content\/uploads\/2024\/04\/Entrenamiento-online-ZGZ.jpeg\",\"contentUrl\":\"https:\/\/adriantellotrainer.com\/wp-content\/uploads\/2024\/04\/Entrenamiento-online-ZGZ.jpeg\",\"width\":744,\"height\":403},{\"@type\":\"BreadcrumbList\",\"@id\":\"https:\/\/adriantellotrainer.com\/index.php\/entrenamiento-personal-online\/#breadcrumb\",\"itemListElement\":[{\"@type\":\"ListItem\",\"position\":1,\"name\":\"Portada\",\"item\":\"https:\/\/adriantellotrainer.com\/\"},{\"@type\":\"ListItem\",\"position\":2,\"name\":\"Entrenamiento Online\"}]},{\"@type\":\"WebSite\",\"@id\":\"https:\/\/adriantellotrainer.com\/#website\",\"url\":\"https:\/\/adriantellotrainer.com\/\",\"name\":\"Adrian Tello Trainer\",\"description\":\"\",\"publisher\":{\"@id\":\"https:\/\/adriantellotrainer.com\/#organization\"},\"potentialAction\":[{\"@type\":\"SearchAction\",\"target\":{\"@type\":\"EntryPoint\",\"urlTemplate\":\"https:\/\/adriantellotrainer.com\/?s={search_term_string}\"},\"query-input\":{\"@type\":\"PropertyValueSpecification\",\"valueRequired\":true,\"valueName\":\"search_term_string\"}}],\"inLanguage\":\"es\"},{\"@type\":\"Organization\",\"@id\":\"https:\/\/adriantellotrainer.com\/#organization\",\"name\":\"Adrian Tello Trainer\",\"url\":\"https:\/\/adriantellotrainer.com\/\",\"logo\":{\"@type\":\"ImageObject\",\"inLanguage\":\"es\",\"@id\":\"https:\/\/adriantellotrainer.com\/#\/schema\/logo\/image\/\",\"url\":\"https:\/\/adriantellotrainer.com\/wp-content\/uploads\/2024\/03\/Sin-titulo-696-x-696-px.png\",\"contentUrl\":\"https:\/\/adriantellotrainer.com\/wp-content\/uploads\/2024\/03\/Sin-titulo-696-x-696-px.png\",\"width\":696,\"height\":696,\"caption\":\"Adrian Tello Trainer\"},\"image\":{\"@id\":\"https:\/\/adriantellotrainer.com\/#\/schema\/logo\/image\/\"},\"sameAs\":[\"https:\/\/www.facebook.com\/profile.php?id=61550716225451\",\"https:\/\/www.instagram.com\/adriaaantello\/\"]}]}<\/script>\n<!-- \/ Yoast SEO plugin. -->","yoast_head_json":{"title":"Entrenamiento Online &#8211; Adrian Tello Trainer","description":"Convi\u00e9rtete en tu versi\u00f3n m\u00e1s en forma, m\u00e1s fuerte, y m\u00e1s sana desde cualquier lugar del mundo, con nuestro entrenamiento personal online","robots":{"index":"index","follow":"follow","max-snippet":"max-snippet:-1","max-image-preview":"max-image-preview:large","max-video-preview":"max-video-preview:-1"},"canonical":"https:\/\/adriantellotrainer.com\/index.php\/entrenamiento-personal-online\/","og_locale":"es_ES","og_type":"article","og_title":"Entrenamiento Online &#8211; Adrian Tello Trainer","og_description":"Convi\u00e9rtete en tu versi\u00f3n m\u00e1s en forma, m\u00e1s fuerte, y m\u00e1s sana desde cualquier lugar del mundo, con nuestro entrenamiento personal online","og_url":"https:\/\/adriantellotrainer.com\/index.php\/entrenamiento-personal-online\/","og_site_name":"Adrian Tello Trainer","article_publisher":"https:\/\/www.facebook.com\/profile.php?id=61550716225451","article_modified_time":"2024-05-09T16:29:58+00:00","og_image":[{"width":744,"height":403,"url":"https:\/\/adriantellotrainer.com\/wp-content\/uploads\/2024\/04\/Entrenamiento-online-ZGZ.jpeg","type":"image\/jpeg"}],"twitter_card":"summary_large_image","schema":{"@context":"https:\/\/schema.org","@graph":[{"@type":"WebPage","@id":"https:\/\/adriantellotrainer.com\/index.php\/entrenamiento-personal-online\/","url":"https:\/\/adriantellotrainer.com\/index.php\/entrenamiento-personal-online\/","name":"Entrenamiento Online &#8211; Adrian Tello Trainer","isPartOf":{"@id":"https:\/\/adriantellotrainer.com\/#website"},"primaryImageOfPage":{"@id":"https:\/\/adriantellotrainer.com\/index.php\/entrenamiento-personal-online\/#primaryimage"},"image":{"@id":"https:\/\/adriantellotrainer.com\/index.php\/entrenamiento-personal-online\/#primaryimage"},"thumbnailUrl":"https:\/\/adriantellotrainer.com\/wp-content\/uploads\/2024\/04\/Entrenamiento-online-ZGZ.jpeg","datePublished":"2024-04-16T15:21:03+00:00","dateModified":"2024-05-09T16:29:58+00:00","description":"Convi\u00e9rtete en tu versi\u00f3n m\u00e1s en forma, m\u00e1s fuerte, y m\u00e1s sana desde cualquier lugar del mundo, con nuestro entrenamiento personal online","breadcrumb":{"@id":"https:\/\/adriantellotrainer.com\/index.php\/entrenamiento-personal-online\/#breadcrumb"},"inLanguage":"es","potentialAction":[{"@type":"ReadAction","target":["https:\/\/adriantellotrainer.com\/index.php\/entrenamiento-personal-online\/"]}]},{"@type":"ImageObject","inLanguage":"es","@id":"https:\/\/adriantellotrainer.com\/index.php\/entrenamiento-personal-online\/#primaryimage","url":"https:\/\/adriantellotrainer.com\/wp-content\/uploads\/2024\/04\/Entrenamiento-online-ZGZ.jpeg","contentUrl":"https:\/\/adriantellotrainer.com\/wp-content\/uploads\/2024\/04\/Entrenamiento-online-ZGZ.jpeg","width":744,"height":403},{"@type":"BreadcrumbList","@id":"https:\/\/adriantellotrainer.com\/index.php\/entrenamiento-personal-online\/#breadcrumb","itemListElement":[{"@type":"ListItem","position":1,"name":"Portada","item":"https:\/\/adriantellotrainer.com\/"},{"@type":"ListItem","position":2,"name":"Entrenamiento Online"}]},{"@type":"WebSite","@id":"https:\/\/adriantellotrainer.com\/#website","url":"https:\/\/adriantellotrainer.com\/","name":"Adrian Tello Trainer","description":"","publisher":{"@id":"https:\/\/adriantellotrainer.com\/#organization"},"potentialAction":[{"@type":"SearchAction","target":{"@type":"EntryPoint","urlTemplate":"https:\/\/adriantellotrainer.com\/?s={search_term_string}"},"query-input":{"@type":"PropertyValueSpecification","valueRequired":true,"valueName":"search_term_string"}}],"inLanguage":"es"},{"@type":"Organization","@id":"https:\/\/adriantellotrainer.com\/#organization","name":"Adrian Tello Trainer","url":"https:\/\/adriantellotrainer.com\/","logo":{"@type":"ImageObject","inLanguage":"es","@id":"https:\/\/adriantellotrainer.com\/#\/schema\/logo\/image\/","url":"https:\/\/adriantellotrainer.com\/wp-content\/uploads\/2024\/03\/Sin-titulo-696-x-696-px.png","contentUrl":"https:\/\/adriantellotrainer.com\/wp-content\/uploads\/2024\/03\/Sin-titulo-696-x-696-px.png","width":696,"height":696,"caption":"Adrian Tello Trainer"},"image":{"@id":"https:\/\/adriantellotrainer.com\/#\/schema\/logo\/image\/"},"sameAs":["https:\/\/www.facebook.com\/profile.php?id=61550716225451","https:\/\/www.instagram.com\/adriaaantello\/"]}]}},"_links":{"self":[{"href":"https:\/\/adriantellotrainer.com\/index.php\/wp-json\/wp\/v2\/pages\/466","targetHints":{"allow":["GET"]}}],"collection":[{"href":"https:\/\/adriantellotrainer.com\/index.php\/wp-json\/wp\/v2\/pages"}],"about":[{"href":"https:\/\/adriantellotrainer.com\/index.php\/wp-json\/wp\/v2\/types\/page"}],"author":[{"embeddable":true,"href":"https:\/\/adriantellotrainer.com\/index.php\/wp-json\/wp\/v2\/users\/1"}],"replies":[{"embeddable":true,"href":"https:\/\/adriantellotrainer.com\/index.php\/wp-json\/wp\/v2\/comments?post=466"}],"version-history":[{"count":53,"href":"https:\/\/adriantellotrainer.com\/index.php\/wp-json\/wp\/v2\/pages\/466\/revisions"}],"predecessor-version":[{"id":731,"href":"https:\/\/adriantellotrainer.com\/index.php\/wp-json\/wp\/v2\/pages\/466\/revisions\/731"}],"wp:featuredmedia":[{"embeddable":true,"href":"https:\/\/adriantellotrainer.com\/index.php\/wp-json\/wp\/v2\/media\/467"}],"wp:attachment":[{"href":"https:\/\/adriantellotrainer.com\/index.php\/wp-json\/wp\/v2\/media?parent=466"}],"curies":[{"name":"wp","href":"https:\/\/api.w.org\/{rel}","templated":true}]}}